*r - o = 0. What are the prime factors of r?
2, 3, 7
Let f(v) = v**3 - 3*v + 1. Let m be f(-5). Let g = m - -154. What are the prime factors of g?
3, 5
Suppose -z - 569 = -5*q, -2*q + 444 = 2*q + 2*z. List the prime factors of q.
113
Let c = 6 + -4. Suppose -c*j = -4*j + 30. Suppose -l + 22 = 3*r - 3, -5*r - j = -4*l. List the prime factors of l.
2, 5
Let u(h) be the first derivative of h**3/3 + h**2 + h - 12. Suppose -16 = 3*t + t. List the prime factors of u(t).
3
Let g = -117 - -226. List the prime factors of g.
109
Suppose -2*n = -3 - 1. Suppose 18 = n*k + 6. What are the prime factors of k?
2, 3
Let w(o) be the third derivative of 1/6*o**4 + 1/15*o**5 - 1/120*o**6 + 3*o**2 + 0*o - 5/6*o**3 + 0. List the prime factors of w(4).
11
Let a be (-24)/(-4)*(2 - -1). Suppose -24 = d + 3*d - 3*u, -3*u - a = 3*d. List the prime factors of d/(-12)*(-4)/(-1).
2
Suppose 4*h + 8 = -6*p + 2*p, h - 18 = 4*p. Let y(t) = t**3 - 4*t + 3. Let o be y(h). List the prime factors of o/(-6)*1*-14.
7
List the prime factors of 6/4*140/21.
2, 5
Let v(k) be the second derivative of k**3/3 + 3*k**2/2 + 3*k. Let o(s) = -s**3 + 5*s**2 - 2*s - 5. Let u be o(4). List the prime factors of v(u).
3
Let y be (-4)/10 - 189/(-35). Suppose 4*o = n - 11, -y*n + 2*o + 7 = -4*n. List the prime factors of n.
3
Let n(m) = m**3 - 7*m**2 + 6*m - 7. Let i be n(6). Let d(c) = c**2 + 6*c + 7. List the prime factors of d(i).
2, 7
Suppose -3*h = 2*i - 93 - 22, -4*i - 4 = 0. What are the prime factors of h?
3, 13
Suppose -3*x = -3, 4*k - 3*x - 26 = -5*x. Suppose 4*o = 4*r - 3*r - k, 5*r + 3*o = 76. What are the prime factors of r?
2, 7
Let z(a) = 47*a**2 - 3*a. List the prime factors of z(2).
2, 7, 13
Suppose 5*w - 238 = -4*h + 342, 5*h - 25 = 0. What are the prime factors of w?
2, 7
Let o = 23 - 8. List the prime factors of o.
3, 5
Suppose 0 = 3*z + 3*y + 57, 4*y - 8 = -5*z - 102. Let k = 23 + 3. Let x = k + z. List the prime factors of x.
2
Let p be -1 - -1*(5 + 0). Suppose -2*m + 31 = 5*w, 5*m - p*m - w - 12 = 0. What are the prime factors of m?
13
Let l(j) = j**2 + 8*j + 5. Suppose 0 = 2*r + 23 - 5. What are the prime factors of l(r)?
2, 7
Let f(c) = 2*c**2 + 9 + c**2 + 6*c + 3*c**2 - 7*c**2. Let x be f(7). Suppose -4*q + 2*q + 3*r = -21, -6 = x*r. What are the prime factors of q?
2, 3
Let x(y) = -y + 1. Let b be x(-5). What are the prime factors of 52/5 - b/15?
2, 5
Let j be -30*(2 - (-36)/(-15)). List the prime factors of (-16)/(-6)*j/2.
2
Let p = 41 - -34. What are the prime factors of p?
3, 5
Let m be 2*(-3)/(-6) - -1. Suppose 0 = -m*i + 3*i + 4*r - 5, 3*i - 23 = -4*r. List the prime factors of i.
3
Let d(p) = -10*p + 3. List the prime factors of d(-3).
3, 11
Let w(h) = -7*h + 4. Let m be (9/(-6))/(6/8). List the prime factors of w(m).
2, 3
Let j = 1 - 0. Let w be (-4)/4 - (j - 2). Let p = w - -2. List the prime factors of p.
2
Let x(k) = 36*k**3 + 3*k**2 - k - 1. List the prime factors of x(1).
37
Let v(a) = 7*a - 4. Suppose 2*q = -4*r + 14, -2*q + 8 = 7*r - 5*r. What are the prime factors of v(r)?
17
Suppose 3*h + g - 556 = -g, 4*g = -16. What are the prime factors of h?
2, 47
Let d = -80 + 136. List the prime factors of d.
2, 7
Let p be (-4)/6 - 834/18. Let x = p - -34. Let y = 22 + x. List the prime factors of y.
3
Let r(l) = -2*l - 7. List the prime factors of r(-13).
19
Let r be 3*(-1)/(-2)*24. Let o be (-1)/((-10)/r)*20. Suppose -3*u = -3*q - o, 0*q = 5*u - 3*q - 114. What are the prime factors of u?
3, 7
Let j(y) = 2*y**2 - 6*y - 7. Let k be j(6). Let n = k + -7. What are the prime factors of n?
2, 11
Let y = 627 + -442. List the prime factors of y.
5, 37
Suppose 6*b - 2*b = 4*d, d + 20 = 5*b. Suppose b*p = 3*l - 50, -4*p - 22 = -3*l + 24. What are the prime factors of l?
2, 5
List the prime factors of (-2)/7 + 1276/7.
2, 7, 13
Let p(m) = m**3 - 4*m**2 - 4*m - 3. Let c be p(6). Let b = 82 - c. What are the prime factors of b?
37
Suppose 2*p - 2*u = 4*p - 360, 4*u = -p + 177. Let g = p + -124. What are the prime factors of g?
3, 19
Let m(j) = 22*j**2 + j + 22. List the prime factors of m(-4).
2, 5, 37
Suppose -2*p + 12 = -5*r, -2*p + 4*r + 10 = -2. What are the prime factors of p?
2, 3
Let j(r) be the second derivative of -r**4/12 + r**3/6 + 3*r. Let z be j(-1). List the prime factors of z/(-8) - 275/(-20).
2, 7
Suppose -4*m + m + 72 = 0. List the prime factors of m.
2, 3
Suppose -5*y = -l + 15 + 8, y = -5*l + 11. Let x(q) = -2*q**2 - 4*q - 3 - 3*q**l - 2*q**2 + 4*q**3. What are the prime factors of x(5)?
2
Suppose 4*p - 6 = 10. Suppose n - 2*k - 2 = 0, n + 0*k - k - 3 = 0. Suppose n*w - 2*w + 41 = 5*v, -4*v = -p*w - 40. List the prime factors of v.
7
Let x(d) = 2*d**2 + 13*d + 4. What are the prime factors of x(-11)?
103
Suppose -5*z - 160 + 530 = 0. What are the prime factors of z?
2, 37
Suppose 0 = 2*k - 2*i - 84, -168 = -4*k - 0*i + 5*i. Suppose 0 = w + w - k. Let y = w - 13. What are the prime factors of y?
2
Suppose 0*j + 10 = 5*j. Suppose i - 5*x = -17, -3*x = j*x - 20. Suppose 5*s = 5*u - 25, 0 = 7*u - i*u + 4*s + 4. List the prime factors of u.
2
Suppose -2*q = -5 + 1. What are the prime factors of (15/q)/((-3)/(-4))?
2, 5
Suppose 593 = 2*w + f, -3*w - 158 + 1035 = 4*f. What are the prime factors of w?
13, 23
Suppose g - 5*g = 4*l - 16, 5*l = -2*g + 11. Let c(b) = 6 + b**3 - 2*b - 2 - 2*b**3 + 4*b**2. List the prime factors of c(g).
7
What are the prime factors of (78/(-10))/(4/(-40))?
2, 3, 13
Let k(w) = -5*w**3 - w**2 + 2. Let v be k(-2). Suppose 5 = -5*b, -3*r = 3*b - 2*b - v. List the prime factors of r.
13
Let f(b) = b**2 + 9*b + 12. Let m be f(-8). Suppose 0 = 3*p - m*p - 5*a - 5, p - 15 = 5*a. Suppose 0 = -c + p - 0. List the prime factors of c.
5
Let y be (3 + 10/(-2))*-2. Suppose -s - r + 86 = 2*s, 0 = -3*s - y*r + 92. What are the prime factors of s?
2, 7
Suppose 10 = 2*r, -2*c = -3*c - 3*r + 95. Let o = -1 + 1. Suppose -3*y - y + c = o. List the prime factors of y.
2, 5
Let s = -6 + 15. Let a(q) = q**3 - 8*q**2 - 9*q + 10. What are the prime factors of a(s)?
2, 5
Let s(f) = 296*f + 4. List the prime factors of s(1).
2, 3, 5
Suppose -4*h - 5*x - 180 = -7*h, 2*x = 6. What are the prime factors of h?
5, 13
Let r(w) = -w - 3. Let d be r(-6). Let z = d + 11. What are the prime factors of z?
2, 7
Let b = -17 - -49. What are the prime factors of b?
2
Let v be 44/8 + 1/(-2). Suppose -2*l - 11 = -v*k, 0 = 3*k - k - 5*l + 4. Suppose k*s - 2*s = 9. What are the prime factors of s?
3
Suppose 4*t = -3*l + 4, 3*l + 2 = -t + 3. List the prime factors of (-1)/((t/(-19))/1).
19
Let k = 305 - 217. What are the prime factors of k?
2, 11
Let u(i) = 2*i**3 - 5*i**2 - 7*i + 12. What are the prime factors of u(5)?
2, 3, 17
Let x(c) = -2*c**2 + 4*c - 3. Let v = 2 - 0. Let p be x(v). List the prime factors of -2 + (p - -2)*-13.
11
Let b(y) = y**3 + 12*y**2 + 19*y - 4. What are the prime factors of b(-8)?
2, 5
Let x(v) = v**3 + 13*v**2 - 3*v - 5. List the prime factors of x(-11).
2, 3, 5
Suppose -z = -0*z - 5. Suppose z*g - 30 = -0*g. What are the prime factors of g?
2, 3
Let a = -54 - -106. List the prime factors of a.
2, 13
Let p(x) = -2*x + 3*x - 2*x + 5. Let j be p(8). What are the prime factors of 12*j/(-1*3)?
2, 3
Let m be (-1)/(3/(-9) + 0). Suppose -18 = -k - m. What are the prime factors of k?
3, 5
Suppose q - 2 = 2*z - 1, -3*z + 3 = -q. Suppose -3*r = r - 5*p - 13, 3*r - q = 3*p. What are the prime factors of r?
2
Let l = -4 - -8. Let j = -5 - l. What are the prime factors of (30/j)/((-2)/6)?
2, 5
Let g = 0 + 13. What are the prime factors of 306/39 - (-2)/g?
2
Let u(q) = q**2 - 7*q + 7. Let f be u(6). What are the prime factors of f/(1/(-17)*-1)?
17
Let q = 47 - 80. Let d = 3 - q. Suppose -2*l + d = 2*l. List the prime factors of l.
3
List the prime factors of 5 - (-5 - 100*2).
2, 3, 5, 7
Suppose 5*a = 2*j + 193, -2*j = -a + j + 49. List the prime factors of a.
37
Suppose -2*u + 15 = 2*i + 3*i, -9 = -3*i - 5*u. Let d be 26/i + (-1)/(-3). Let h = d + -4. What are the prime factors of h?
5
List the prime factors of 22836/165 + 7/(-5) + 1.
2, 3, 23
Suppose -m + 17 = -4*h + 38, m - 15 = -2*h. What are the prime factors of (-3)/((-18)/15)*h?
3, 5
Suppose -5*h + 81 = z, h = -5*z - 2 - 1. Suppose 0 = p + 2*s - 5, -s + h = 2*p + 4. List the prime factors of p.
7
Suppose -3 + 9